{"id":195,"date":"2024-11-04T14:20:46","date_gmt":"2024-11-04T14:20:46","guid":{"rendered":"https:\/\/www.recyclage-laval.fr\/?page_id=195"},"modified":"2025-10-13T13:22:27","modified_gmt":"2025-10-13T13:22:27","slug":"contact","status":"publish","type":"page","link":"https:\/\/www.recyclage-laval.fr\/?page_id=195","title":{"rendered":"Contact"},"content":{"rendered":"\t\t<div data-elementor-type=\"wp-page\" data-elementor-id=\"195\" class=\"elementor elementor-195\" data-elementor-post-type=\"page\">\n\t\t\t\t\t\t<section class=\"elementor-section elementor-top-section elementor-element elementor-element-13886483 elementor-reverse-tablet elementor-reverse-mobile elementor-section-boxed elementor-section-height-default elementor-section-height-default\" data-id=\"13886483\" data-element_type=\"section\" data-e-type=\"section\" data-settings=\"{&quot;background_background&quot;:&quot;classic&quot;}\">\n\t\t\t\t\t\t<div class=\"elementor-container elementor-column-gap-wide\">\n\t\t\t\t\t<div class=\"elementor-column elementor-col-50 elementor-top-column elementor-element elementor-element-63ee9402\" data-id=\"63ee9402\" data-element_type=\"column\" data-e-type=\"column\" data-settings=\"{&quot;background_background&quot;:&quot;classic&quot;}\">\n\t\t\t<div class=\"elementor-widget-wrap elementor-element-populated\">\n\t\t\t\t\t\t<div class=\"elementor-element elementor-element-169b3198 elementor-widget elementor-widget-heading\" data-id=\"169b3198\" data-element_type=\"widget\" data-e-type=\"widget\" data-widget_type=\"heading.default\">\n\t\t\t\t\t<h1 class=\"elementor-heading-title elementor-size-default\">Nous Contacter<\/h1>\t\t\t\t<\/div>\n\t\t\t\t<div class=\"elementor-element elementor-element-6202555 elementor-widget elementor-widget-text-editor\" data-id=\"6202555\" data-element_type=\"widget\" data-e-type=\"widget\" data-widget_type=\"text-editor.default\">\n\t\t\t\t\t\t\t\t\t<p class=\"p1\">Vous avez des questions, besoin d\u2019un conseil, ou envie d\u2019en savoir plus sur nos services ? Nous sommes l\u00e0 pour vous accompagner et r\u00e9pondre \u00e0 toutes vos demandes.<\/p>\t\t\t\t\t\t\t\t<\/div>\n\t\t\t\t<div class=\"elementor-element elementor-element-14670551 elementor-button-align-stretch elementor-widget elementor-widget-form\" data-id=\"14670551\" data-element_type=\"widget\" data-e-type=\"widget\" data-settings=\"{&quot;button_width&quot;:&quot;25&quot;,&quot;step_next_label&quot;:&quot;Next&quot;,&quot;step_previous_label&quot;:&quot;Previous&quot;,&quot;step_type&quot;:&quot;number_text&quot;,&quot;step_icon_shape&quot;:&quot;circle&quot;}\" data-widget_type=\"form.default\">\n\t\t\t\t\t\t\t<form class=\"elementor-form\" method=\"post\" name=\"New Form\" aria-label=\"New Form\">\n\t\t\t<input type=\"hidden\" name=\"post_id\" value=\"195\"\/>\n\t\t\t<input type=\"hidden\" name=\"form_id\" value=\"14670551\"\/>\n\t\t\t<input type=\"hidden\" name=\"referer_title\" value=\"Contact - Auffray Recyclage\" \/>\n\n\t\t\t\t\t\t\t<input type=\"hidden\" name=\"queried_id\" value=\"195\"\/>\n\t\t\t\n\t\t\t<div class=\"elementor-form-fields-wrapper elementor-labels-above\">\n\t\t\t\t\t\t\t\t<div class=\"elementor-field-type-text elementor-field-group elementor-column elementor-field-group-name elementor-col-100\">\n\t\t\t\t\t\t\t\t\t\t\t\t\t<input size=\"1\" type=\"text\" name=\"form_fields[name]\" id=\"form-field-name\" class=\"elementor-field elementor-size-sm  elementor-field-textual\" placeholder=\"Nom, Pr\u00e9nom\">\n\t\t\t\t\t\t\t\t\t\t\t<\/div>\n\t\t\t\t\t\t\t\t<div class=\"elementor-field-type-email elementor-field-group elementor-column elementor-field-group-email elementor-col-50 elementor-field-required\">\n\t\t\t\t\t\t\t\t\t\t\t\t\t<input size=\"1\" type=\"email\" name=\"form_fields[email]\" id=\"form-field-email\" class=\"elementor-field elementor-size-sm  elementor-field-textual\" placeholder=\"Email\" required=\"required\">\n\t\t\t\t\t\t\t\t\t\t\t<\/div>\n\t\t\t\t\t\t\t\t<div class=\"elementor-field-type-tel elementor-field-group elementor-column elementor-field-group-field_a2472b4 elementor-col-50 elementor-field-required\">\n\t\t\t\t\t\t\t<input size=\"1\" type=\"tel\" name=\"form_fields[field_a2472b4]\" id=\"form-field-field_a2472b4\" class=\"elementor-field elementor-size-sm  elementor-field-textual\" placeholder=\"T\u00e9l\u00e9phone\" required=\"required\" pattern=\"[0-9()#&amp;+*-=.]+\" title=\"Seuls les caract\u00e8res de num\u00e9ros de t\u00e9l\u00e9phone (#, -, *, etc.) sont accept\u00e9s.\">\n\n\t\t\t\t\t\t<\/div>\n\t\t\t\t\t\t\t\t<div class=\"elementor-field-type-textarea elementor-field-group elementor-column elementor-field-group-message elementor-col-100\">\n\t\t\t\t\t<textarea class=\"elementor-field-textual elementor-field  elementor-size-sm\" name=\"form_fields[message]\" id=\"form-field-message\" rows=\"3\" placeholder=\"Message\"><\/textarea>\t\t\t\t<\/div>\n\t\t\t\t\t\t\t\t<div class=\"elementor-field-group elementor-column elementor-field-type-submit elementor-col-25 e-form__buttons\">\n\t\t\t\t\t<button class=\"elementor-button elementor-size-sm\" type=\"submit\">\n\t\t\t\t\t\t<span class=\"elementor-button-content-wrapper\">\n\t\t\t\t\t\t\t\t\t\t\t\t\t\t\t\t\t\t\t\t\t\t<span class=\"elementor-button-text\">Envoyer<\/span>\n\t\t\t\t\t\t\t\t\t\t\t\t\t<\/span>\n\t\t\t\t\t<\/button>\n\t\t\t\t<\/div>\n\t\t\t<\/div>\n\t\t<\/form>\n\t\t\t\t\t\t<\/div>\n\t\t\t\t\t<\/div>\n\t\t<\/div>\n\t\t\t\t<div class=\"elementor-column elementor-col-50 elementor-top-column elementor-element elementor-element-971e052\" data-id=\"971e052\" data-element_type=\"column\" data-e-type=\"column\">\n\t\t\t<div class=\"elementor-widget-wrap elementor-element-populated\">\n\t\t\t\t\t\t<div class=\"elementor-element elementor-element-a2270f5 elementor-widget elementor-widget-google_maps\" data-id=\"a2270f5\" data-element_type=\"widget\" data-e-type=\"widget\" data-widget_type=\"google_maps.default\">\n\t\t\t\t\t\t\t<div class=\"elementor-custom-embed\">\n\t\t\t<iframe loading=\"lazy\"\n\t\t\t\t\tsrc=\"https:\/\/maps.google.com\/maps?q=16%20Rue%20Charles%20Toutain%2C%2053000%20Laval%2C%20France&#038;t=m&#038;z=10&#038;output=embed&#038;iwloc=near\"\n\t\t\t\t\ttitle=\"16 Rue Charles Toutain, 53000 Laval, France\"\n\t\t\t\t\taria-label=\"16 Rue Charles Toutain, 53000 Laval, France\"\n\t\t\t><\/iframe>\n\t\t<\/div>\n\t\t\t\t\t\t<\/div>\n\t\t\t\t<section class=\"elementor-section elementor-inner-section elementor-element elementor-element-7fdc909 elementor-section-boxed elementor-section-height-default elementor-section-height-default\" data-id=\"7fdc909\" data-element_type=\"section\" data-e-type=\"section\" data-settings=\"{&quot;background_background&quot;:&quot;classic&quot;}\">\n\t\t\t\t\t\t<div class=\"elementor-container elementor-column-gap-wide\">\n\t\t\t\t\t<div class=\"elementor-column elementor-col-100 elementor-inner-column elementor-element elementor-element-f479985\" data-id=\"f479985\" data-element_type=\"column\" data-e-type=\"column\">\n\t\t\t<div class=\"elementor-widget-wrap elementor-element-populated\">\n\t\t\t\t\t\t<div class=\"elementor-element elementor-element-27e55d5 elementor-widget elementor-widget-heading\" data-id=\"27e55d5\" data-element_type=\"widget\" data-e-type=\"widget\" data-widget_type=\"heading.default\">\n\t\t\t\t\t<h3 class=\"elementor-heading-title elementor-size-default\">Adresses \/ Contactes<\/h3>\t\t\t\t<\/div>\n\t\t\t\t<div class=\"elementor-element elementor-element-61ab8d6 elementor-widget elementor-widget-text-editor\" data-id=\"61ab8d6\" data-element_type=\"widget\" data-e-type=\"widget\" data-widget_type=\"text-editor.default\">\n\t\t\t\t\t\t\t\t\t16 Rue Charles Toutain, 53000 Laval, France\t\t\t\t\t\t\t\t<\/div>\n\t\t\t\t<div class=\"elementor-element elementor-element-828ff38 elementor-widget elementor-widget-text-editor\" data-id=\"828ff38\" data-element_type=\"widget\" data-e-type=\"widget\" data-widget_type=\"text-editor.default\">\n\t\t\t\t\t\t\t\t\t<p>contact@recyclage-laval.fr\u200b<\/p>\t\t\t\t\t\t\t\t<\/div>\n\t\t\t\t<div class=\"elementor-element elementor-element-0c0747d elementor-widget elementor-widget-text-editor\" data-id=\"0c0747d\" data-element_type=\"widget\" data-e-type=\"widget\" data-widget_type=\"text-editor.default\">\n\t\t\t\t\t\t\t\t\t<p>06 78 93 36 02<\/p>\t\t\t\t\t\t\t\t<\/div>\n\t\t\t\t\t<\/div>\n\t\t<\/div>\n\t\t\t\t\t<\/div>\n\t\t<\/section>\n\t\t\t\t\t<\/div>\n\t\t<\/div>\n\t\t\t\t\t<\/div>\n\t\t<\/section>\n\t\t\t\t<\/div>\n\t\t","protected":false},"excerpt":{"rendered":"<p>Nous Contacter Vous avez des questions, besoin d\u2019un conseil, ou envie d\u2019en savoir plus sur nos services ? Nous sommes l\u00e0 pour vous accompagner et r\u00e9pondre \u00e0 toutes vos demandes. Adresses \/ Contactes 16 Rue Charles Toutain, 53000 Laval, France contact@recyclage-laval.fr\u200b 06 78 93 36 02<\/p>\n","protected":false},"author":1,"featured_media":273,"parent":0,"menu_order":0,"comment_status":"closed","ping_status":"closed","template":"","meta":{"footnotes":""},"class_list":["post-195","page","type-page","status-publish","has-post-thumbnail","hentry"],"yoast_head":"<!-- This site is optimized with the Yoast SEO plugin v27.5 - https:\/\/yoast.com\/product\/yoast-seo-wordpress\/ -->\n<title>Contact - Auffray Recyclage<\/title>\n<meta name=\"description\" content=\"Contactez Auffray Recyclage, votre ferrailleur \u00e0 Laval, pour la collecte, le recyclage et la valorisation de m\u00e9taux ferreux et non ferreux. Nous r\u00e9pondons \u00e0 toutes vos questions et vous proposons des solutions adapt\u00e9es pour vos besoins en recyclage.\" \/>\n<meta name=\"robots\" content=\"index, follow, max-snippet:-1, max-image-preview:large, max-video-preview:-1\" \/>\n<link rel=\"canonical\" href=\"https:\/\/www.recyclage-laval.fr\/?page_id=195\" \/>\n<meta property=\"og:locale\" content=\"fr_FR\" \/>\n<meta property=\"og:type\" content=\"article\" \/>\n<meta property=\"og:title\" content=\"Contact - Auffray Recyclage\" \/>\n<meta property=\"og:description\" content=\"Contactez Auffray Recyclage, votre ferrailleur \u00e0 Laval, pour la collecte, le recyclage et la valorisation de m\u00e9taux ferreux et non ferreux. Nous r\u00e9pondons \u00e0 toutes vos questions et vous proposons des solutions adapt\u00e9es pour vos besoins en recyclage.\" \/>\n<meta property=\"og:url\" content=\"https:\/\/www.recyclage-laval.fr\/?page_id=195\" \/>\n<meta property=\"og:site_name\" content=\"Auffray Recyclage\" \/>\n<meta property=\"article:modified_time\" content=\"2025-10-13T13:22:27+00:00\" \/>\n<meta property=\"og:image\" content=\"https:\/\/www.recyclage-laval.fr\/wp-content\/uploads\/2024\/11\/location-de-bennes-laval.jpg\" \/>\n\t<meta property=\"og:image:width\" content=\"1200\" \/>\n\t<meta property=\"og:image:height\" content=\"600\" \/>\n\t<meta property=\"og:image:type\" content=\"image\/jpeg\" \/>\n<meta name=\"twitter:card\" content=\"summary_large_image\" \/>\n<meta name=\"twitter:label1\" content=\"Dur\u00e9e de lecture estim\u00e9e\" \/>\n\t<meta name=\"twitter:data1\" content=\"1 minute\" \/>\n<script type=\"application\/ld+json\" class=\"yoast-schema-graph\">{\"@context\":\"https:\\\/\\\/schema.org\",\"@graph\":[{\"@type\":\"WebPage\",\"@id\":\"https:\\\/\\\/www.recyclage-laval.fr\\\/?page_id=195\",\"url\":\"https:\\\/\\\/www.recyclage-laval.fr\\\/?page_id=195\",\"name\":\"Contact - Auffray Recyclage\",\"isPartOf\":{\"@id\":\"https:\\\/\\\/www.recyclage-laval.fr\\\/#website\"},\"primaryImageOfPage\":{\"@id\":\"https:\\\/\\\/www.recyclage-laval.fr\\\/?page_id=195#primaryimage\"},\"image\":{\"@id\":\"https:\\\/\\\/www.recyclage-laval.fr\\\/?page_id=195#primaryimage\"},\"thumbnailUrl\":\"https:\\\/\\\/www.recyclage-laval.fr\\\/wp-content\\\/uploads\\\/2024\\\/11\\\/location-de-bennes-laval.jpg\",\"datePublished\":\"2024-11-04T14:20:46+00:00\",\"dateModified\":\"2025-10-13T13:22:27+00:00\",\"description\":\"Contactez Auffray Recyclage, votre ferrailleur \u00e0 Laval, pour la collecte, le recyclage et la valorisation de m\u00e9taux ferreux et non ferreux. Nous r\u00e9pondons \u00e0 toutes vos questions et vous proposons des solutions adapt\u00e9es pour vos besoins en recyclage.\",\"breadcrumb\":{\"@id\":\"https:\\\/\\\/www.recyclage-laval.fr\\\/?page_id=195#breadcrumb\"},\"inLanguage\":\"fr-FR\",\"potentialAction\":[{\"@type\":\"ReadAction\",\"target\":[\"https:\\\/\\\/www.recyclage-laval.fr\\\/?page_id=195\"]}]},{\"@type\":\"ImageObject\",\"inLanguage\":\"fr-FR\",\"@id\":\"https:\\\/\\\/www.recyclage-laval.fr\\\/?page_id=195#primaryimage\",\"url\":\"https:\\\/\\\/www.recyclage-laval.fr\\\/wp-content\\\/uploads\\\/2024\\\/11\\\/location-de-bennes-laval.jpg\",\"contentUrl\":\"https:\\\/\\\/www.recyclage-laval.fr\\\/wp-content\\\/uploads\\\/2024\\\/11\\\/location-de-bennes-laval.jpg\",\"width\":1200,\"height\":600,\"caption\":\"SSUCv3H4sIAAAAAAAACpxTwY7bIBC9V+o\\\/RJwbCQzBZH9l1cMYSIwWGwtwq9Uq\\\/17AJiGRqkq9mTdvZt6bGX99\\\/3Y4oAGCkejt8JVf6W2sXUP0EI2bE4x\\\/7LjXs9K+RbQy0XkDtgUHiHKcYdIJnFdrM3wrQRQixDXo0DQL4xqj9iE6+ZFg2rAlRH1N5Z\\\/4Vez79j7UQAmmjBRCaJeyNViHglVoK\\\/5fmdvHz2oUrnqWn1nbrVHttdWweXzfqOjjd3I4FRc7CVZlXOPql5Ngw4v\\\/xRtp5muT5uJYFlDTpFvn6D9b5cg6t8Bg8\\\/Qvqaau+AghJLqqeDvotG43NX1mF4uBvSpSaRP5SWjHBO8oFpRwgSlmqF3saFKdIqcKXBfrQOnc9D5tBMoNui6ccMwwYae+u48ekY76Sxtjj9jLvWQKYWfaiwdFeQ1TiKZcYK0h6n3mGzLXkr+MLrqW02hQenHBxEIJDw7vxEapZ5SvZDJJ0rPHv7TghPzLCsN87\\\/D04ySOUU8\\\/wksHRM8d6c8ck\\\/spvDRARDB24pgLVm56r22yciQuJ6Eow0dOuTyyvuNHkEwcgRDVnzqO5VmmrNsfAAAA\\\/\\\/8DAL0W1LMzBAAA\"},{\"@type\":\"BreadcrumbList\",\"@id\":\"https:\\\/\\\/www.recyclage-laval.fr\\\/?page_id=195#breadcrumb\",\"itemListElement\":[{\"@type\":\"ListItem\",\"position\":1,\"name\":\"Accueil\",\"item\":\"https:\\\/\\\/www.recyclage-laval.fr\\\/\"},{\"@type\":\"ListItem\",\"position\":2,\"name\":\"Contact\"}]},{\"@type\":\"WebSite\",\"@id\":\"https:\\\/\\\/www.recyclage-laval.fr\\\/#website\",\"url\":\"https:\\\/\\\/www.recyclage-laval.fr\\\/\",\"name\":\"Auffray Recyclage\",\"description\":\"Bienvenue chez Auffray Recyclage, votre ferrailleur de confiance \u00e0 Laval\",\"publisher\":{\"@id\":\"https:\\\/\\\/www.recyclage-laval.fr\\\/#organization\"},\"potentialAction\":[{\"@type\":\"SearchAction\",\"target\":{\"@type\":\"EntryPoint\",\"urlTemplate\":\"https:\\\/\\\/www.recyclage-laval.fr\\\/?s={search_term_string}\"},\"query-input\":{\"@type\":\"PropertyValueSpecification\",\"valueRequired\":true,\"valueName\":\"search_term_string\"}}],\"inLanguage\":\"fr-FR\"},{\"@type\":\"Organization\",\"@id\":\"https:\\\/\\\/www.recyclage-laval.fr\\\/#organization\",\"name\":\"Auffray Recyclage\",\"url\":\"https:\\\/\\\/www.recyclage-laval.fr\\\/\",\"logo\":{\"@type\":\"ImageObject\",\"inLanguage\":\"fr-FR\",\"@id\":\"https:\\\/\\\/www.recyclage-laval.fr\\\/#\\\/schema\\\/logo\\\/image\\\/\",\"url\":\"https:\\\/\\\/www.recyclage-laval.fr\\\/wp-content\\\/uploads\\\/2024\\\/10\\\/auffray-4-e1730124659362.png\",\"contentUrl\":\"https:\\\/\\\/www.recyclage-laval.fr\\\/wp-content\\\/uploads\\\/2024\\\/10\\\/auffray-4-e1730124659362.png\",\"width\":203,\"height\":219,\"caption\":\"Auffray Recyclage\"},\"image\":{\"@id\":\"https:\\\/\\\/www.recyclage-laval.fr\\\/#\\\/schema\\\/logo\\\/image\\\/\"}}]}<\/script>\n<!-- \/ Yoast SEO plugin. -->","yoast_head_json":{"title":"Contact - Auffray Recyclage","description":"Contactez Auffray Recyclage, votre ferrailleur \u00e0 Laval, pour la collecte, le recyclage et la valorisation de m\u00e9taux ferreux et non ferreux. Nous r\u00e9pondons \u00e0 toutes vos questions et vous proposons des solutions adapt\u00e9es pour vos besoins en recyclage.","robots":{"index":"index","follow":"follow","max-snippet":"max-snippet:-1","max-image-preview":"max-image-preview:large","max-video-preview":"max-video-preview:-1"},"canonical":"https:\/\/www.recyclage-laval.fr\/?page_id=195","og_locale":"fr_FR","og_type":"article","og_title":"Contact - Auffray Recyclage","og_description":"Contactez Auffray Recyclage, votre ferrailleur \u00e0 Laval, pour la collecte, le recyclage et la valorisation de m\u00e9taux ferreux et non ferreux. Nous r\u00e9pondons \u00e0 toutes vos questions et vous proposons des solutions adapt\u00e9es pour vos besoins en recyclage.","og_url":"https:\/\/www.recyclage-laval.fr\/?page_id=195","og_site_name":"Auffray Recyclage","article_modified_time":"2025-10-13T13:22:27+00:00","og_image":[{"width":1200,"height":600,"url":"https:\/\/www.recyclage-laval.fr\/wp-content\/uploads\/2024\/11\/location-de-bennes-laval.jpg","type":"image\/jpeg"}],"twitter_card":"summary_large_image","twitter_misc":{"Dur\u00e9e de lecture estim\u00e9e":"1 minute"},"schema":{"@context":"https:\/\/schema.org","@graph":[{"@type":"WebPage","@id":"https:\/\/www.recyclage-laval.fr\/?page_id=195","url":"https:\/\/www.recyclage-laval.fr\/?page_id=195","name":"Contact - Auffray Recyclage","isPartOf":{"@id":"https:\/\/www.recyclage-laval.fr\/#website"},"primaryImageOfPage":{"@id":"https:\/\/www.recyclage-laval.fr\/?page_id=195#primaryimage"},"image":{"@id":"https:\/\/www.recyclage-laval.fr\/?page_id=195#primaryimage"},"thumbnailUrl":"https:\/\/www.recyclage-laval.fr\/wp-content\/uploads\/2024\/11\/location-de-bennes-laval.jpg","datePublished":"2024-11-04T14:20:46+00:00","dateModified":"2025-10-13T13:22:27+00:00","description":"Contactez Auffray Recyclage, votre ferrailleur \u00e0 Laval, pour la collecte, le recyclage et la valorisation de m\u00e9taux ferreux et non ferreux. Nous r\u00e9pondons \u00e0 toutes vos questions et vous proposons des solutions adapt\u00e9es pour vos besoins en recyclage.","breadcrumb":{"@id":"https:\/\/www.recyclage-laval.fr\/?page_id=195#breadcrumb"},"inLanguage":"fr-FR","potentialAction":[{"@type":"ReadAction","target":["https:\/\/www.recyclage-laval.fr\/?page_id=195"]}]},{"@type":"ImageObject","inLanguage":"fr-FR","@id":"https:\/\/www.recyclage-laval.fr\/?page_id=195#primaryimage","url":"https:\/\/www.recyclage-laval.fr\/wp-content\/uploads\/2024\/11\/location-de-bennes-laval.jpg","contentUrl":"https:\/\/www.recyclage-laval.fr\/wp-content\/uploads\/2024\/11\/location-de-bennes-laval.jpg","width":1200,"height":600,"caption":"SSUCv3H4sIAAAAAAAACpxTwY7bIBC9V+o\/RJwbCQzBZH9l1cMYSIwWGwtwq9Uq\/17AJiGRqkq9mTdvZt6bGX99\/3Y4oAGCkejt8JVf6W2sXUP0EI2bE4x\/7LjXs9K+RbQy0XkDtgUHiHKcYdIJnFdrM3wrQRQixDXo0DQL4xqj9iE6+ZFg2rAlRH1N5Z\/4Vez79j7UQAmmjBRCaJeyNViHglVoK\/5fmdvHz2oUrnqWn1nbrVHttdWweXzfqOjjd3I4FRc7CVZlXOPql5Ngw4v\/xRtp5muT5uJYFlDTpFvn6D9b5cg6t8Bg8\/Qvqaau+AghJLqqeDvotG43NX1mF4uBvSpSaRP5SWjHBO8oFpRwgSlmqF3saFKdIqcKXBfrQOnc9D5tBMoNui6ccMwwYae+u48ekY76Sxtjj9jLvWQKYWfaiwdFeQ1TiKZcYK0h6n3mGzLXkr+MLrqW02hQenHBxEIJDw7vxEapZ5SvZDJJ0rPHv7TghPzLCsN87\/D04ySOUU8\/wksHRM8d6c8ck\/spvDRARDB24pgLVm56r22yciQuJ6Eow0dOuTyyvuNHkEwcgRDVnzqO5VmmrNsfAAAA\/\/8DAL0W1LMzBAAA"},{"@type":"BreadcrumbList","@id":"https:\/\/www.recyclage-laval.fr\/?page_id=195#breadcrumb","itemListElement":[{"@type":"ListItem","position":1,"name":"Accueil","item":"https:\/\/www.recyclage-laval.fr\/"},{"@type":"ListItem","position":2,"name":"Contact"}]},{"@type":"WebSite","@id":"https:\/\/www.recyclage-laval.fr\/#website","url":"https:\/\/www.recyclage-laval.fr\/","name":"Auffray Recyclage","description":"Bienvenue chez Auffray Recyclage, votre ferrailleur de confiance \u00e0 Laval","publisher":{"@id":"https:\/\/www.recyclage-laval.fr\/#organization"},"potentialAction":[{"@type":"SearchAction","target":{"@type":"EntryPoint","urlTemplate":"https:\/\/www.recyclage-laval.fr\/?s={search_term_string}"},"query-input":{"@type":"PropertyValueSpecification","valueRequired":true,"valueName":"search_term_string"}}],"inLanguage":"fr-FR"},{"@type":"Organization","@id":"https:\/\/www.recyclage-laval.fr\/#organization","name":"Auffray Recyclage","url":"https:\/\/www.recyclage-laval.fr\/","logo":{"@type":"ImageObject","inLanguage":"fr-FR","@id":"https:\/\/www.recyclage-laval.fr\/#\/schema\/logo\/image\/","url":"https:\/\/www.recyclage-laval.fr\/wp-content\/uploads\/2024\/10\/auffray-4-e1730124659362.png","contentUrl":"https:\/\/www.recyclage-laval.fr\/wp-content\/uploads\/2024\/10\/auffray-4-e1730124659362.png","width":203,"height":219,"caption":"Auffray Recyclage"},"image":{"@id":"https:\/\/www.recyclage-laval.fr\/#\/schema\/logo\/image\/"}}]}},"_links":{"self":[{"href":"https:\/\/www.recyclage-laval.fr\/index.php?rest_route=\/wp\/v2\/pages\/195","targetHints":{"allow":["GET"]}}],"collection":[{"href":"https:\/\/www.recyclage-laval.fr\/index.php?rest_route=\/wp\/v2\/pages"}],"about":[{"href":"https:\/\/www.recyclage-laval.fr\/index.php?rest_route=\/wp\/v2\/types\/page"}],"author":[{"embeddable":true,"href":"https:\/\/www.recyclage-laval.fr\/index.php?rest_route=\/wp\/v2\/users\/1"}],"replies":[{"embeddable":true,"href":"https:\/\/www.recyclage-laval.fr\/index.php?rest_route=%2Fwp%2Fv2%2Fcomments&post=195"}],"version-history":[{"count":19,"href":"https:\/\/www.recyclage-laval.fr\/index.php?rest_route=\/wp\/v2\/pages\/195\/revisions"}],"predecessor-version":[{"id":403,"href":"https:\/\/www.recyclage-laval.fr\/index.php?rest_route=\/wp\/v2\/pages\/195\/revisions\/403"}],"wp:featuredmedia":[{"embeddable":true,"href":"https:\/\/www.recyclage-laval.fr\/index.php?rest_route=\/wp\/v2\/media\/273"}],"wp:attachment":[{"href":"https:\/\/www.recyclage-laval.fr\/index.php?rest_route=%2Fwp%2Fv2%2Fmedia&parent=195"}],"curies":[{"name":"wp","href":"https:\/\/api.w.org\/{rel}","templated":true}]}}